(8). Let n(x) = 2*x - 4. Let k be n(u). Suppose -k = -a - 0*a. What is the units digit of a?
2
Suppose 7*t = o + 2*t - 113, 4*o - 407 = 5*t. What is the tens digit of o?
9
Let h be 0*(-2)/(-8)*2. Let j(b) = 5 - 3*b + 2*b - b**2 - 2. What is the units digit of j(h)?
3
Let r = 49 + 9. What is the tens digit of r?
5
Let w(r) = r**2 + 7*r + 2. Let i be w(-6). Let y = i - -1. Let d = 2 - y. What is the units digit of d?
5
Let l be (-5 + 2 - -5)*2. Suppose 0 = 5*p + 4*c - l, p + 2*c + 12 = -2*c. Suppose 2*v + 58 = 5*k, -p*k + v = -0*k - 44. What is the tens digit of k?
1
Let d(l) = 2*l**2 + 29*l + 22. Let v(r) = r**2 + 15*r + 11. Let n(o) = 6*d(o) - 11*v(o). What is the units digit of n(-9)?
1
Suppose 229 - 29 = -4*c. Let k = -36 - c. What is the tens digit of k?
1
Let u = -1 - -11. What is the tens digit of u?
1
Let n(l) = -2*l**2 - 2*l + 55. What is the units digit of n(0)?
5
Suppose 2*t - 107 = -5*z - 0*t, -1 = -t. What is the units digit of z?
1
Let w(g) = -2*g + 206. What is the tens digit of w(0)?
0
Suppose g - 25 = 7. What is the units digit of g?
2
Let v(o) = -o**3 - 6*o**2 - 10*o + 12. What is the units digit of v(-7)?
1
Let d(n) = -n - n**3 - 43*n**2 + 8 + 49*n**2 + 0*n. What is the units digit of d(6)?
2
Let t(u) = -u**3 - 3*u**2 - 5*u - 3. Let d be t(-3). Suppose 0*o - 44 = -5*j + 3*o, j + o = d. What is the units digit of j?
0
Let m(k) = 3 - 3 + 8*k**2 + 4 - k**3. Let d be m(8). Suppose 0 = -d*b - 3*p + 12, -b - 16 = -5*b - 2*p. What is the units digit of b?
6
Suppose 0*o + 2*o - h - 11 = 0, 0 = 4*o - h - 21. Suppose o*d - 27 = -s, -3*s - 4*d + 35 - 9 = 0. Suppose u + s*u = 48. What is the units digit of u?
6
Suppose 5*j - 37 = -17. Suppose -2*r - j*t = -2 - 28, 4*t = 3*r - 35. What is the tens digit of r?
1
Let b = 639 - 420. What is the tens digit of b?
1
Let w = -18 + 13. Let c(l) = -11*l + 2. Let u be c(w). Suppose -9 = 4*y - u. What is the tens digit of y?
1
Suppose 4*s - 445 = -3*u, -3*s - 447 = -3*u - 6*s. What is the units digit of u?
1
Suppose -7*g + 63 = -4*g. What is the units digit of g?
1
Let i = -15 - -17. Suppose d - 27 = -3*t, i*t = -3*d + d + 54. What is the tens digit of d?
2
Suppose 3*n = 2*n + 17. Let s = -7 + 15. Let j = n - s. What is the units digit of j?
9
Let b(t) = -t**2 + 8*t + 5. Let r be b(7). Let q = r + 11. What is the tens digit of q?
2
Let x(c) = -c**3 + 9*c**2 + 11*c - 9. Let s be -2*-3*3/(-18). Let g be (-3 + (-8 - -1))/s. What is the units digit of x(g)?
1
Suppose 11*c - 5*c - 918 = 0. What is the hundreds digit of c?
1
Let x(l) = l**3 + 13*l**2 + 9*l + 8. What is the tens digit of x(-11)?
5
Suppose 0 = -y - 0 - 5. Let t = 35 + y. What is the units digit of t?
0
Suppose 57 + 44 = x. What is the tens digit of x?
0
Let d be (-1 - 12/(-9))*33. Suppose g - d = -4*u, -3*u - 31 = -5*g + u. What is the units digit of g?
7
Let f(x) = x**3 - 6*x**2 + 7*x - 1. Let t(c) be the second derivative of c**3/6 - c**2/2 - c. Let z be t(6). What is the units digit of f(z)?
9
Let s be 5/(-3)*(0 + -3). Suppose w = 5*m - 51, 31 + 32 = s*m + 2*w. Let t = 16 - m. What is the units digit of t?
5
Let v be 33/9 - (-4)/(-6). Let t = v - 1. Suppose -7*o = -t*o - 65. What is the tens digit of o?
1
Let d(o) = o**3 - 4*o**2 + 3. Let a be d(3). Let t = -4 - a. What is the units digit of t?
2
Let d = 14 - 13. What is the units digit of d?
1
Let j be (6/8)/((-4)/(-32)). What is the units digit of (j/(-5))/2*-5?
3
Suppose -f + 108 = 2*f. Suppose 6*a - f = 2*a + 3*q, 14 = 3*a + q. What is the units digit of a?
6
Let f(d) = d**2 - d + 91. Let m be f(0). Suppose -5*l + 79 = 4*t, -5*l - t + m = -0*t. What is the units digit of l?
9
Suppose 0 = -2*d - 0*d - 4*t + 150, -2*t = 3*d - 241. What is the units digit of d?
3
Suppose -5*h = -4*h + 15. Let u be (110/h)/(2/9). Let n = u + 50. What is the units digit of n?
7
Suppose 2*q - l - 8 = 0, 4*l + 16 = 8*l. Suppose -m + 2*b + 3*b - q = 0, -5*b - 13 = -2*m. What is the units digit of m?
9
Suppose -2*j + 86 + 2 = 0. What is the tens digit of j?
4
Suppose -2*p + 3*p - 7 = 0. Suppose -2*j + 1 + p = 0. Suppose 2*c + j*s - 11 = -c, -2*c = -2*s - 26. What is the units digit of c?
9
What is the tens digit of (-4)/(-6) + 61/3?
2
Suppose 5*b - 5*r = 10, -11 = -4*b - b + 4*r. Suppose -18 = -b*g + 39. What is the units digit of g?
9
Let c(a) = -2*a + 7. What is the units digit of c(-11)?
9
Let p = 69 + -36. What is the units digit of p?
3
Let s(m) = -m + 2. Let y be s(2). Suppose y = -4*u + 16 + 8. What is the units digit of u?
6
Let b(i) be the third derivative of i**6/120 + i**5/6 - 13*i**4/24 - i**3 - 3*i**2. What is the units digit of b(-11)?
6
Suppose 4 = -0*x - x. What is the units digit of (-12)/(-8)*x/(-6)?
1
What is the tens digit of -6*(-2 + 2 - 3)?
1
Let c(n) = 2*n**2 - n - 18. What is the units digit of c(7)?
3
Suppose 4*y = 2*v + 38, y - 4*v = -v + 17. Let s = -25 + 41. What is the units digit of 4/s + 54/y?
7
What is the tens digit of (-9 + 16/(-4))*-1?
1
Let j = 0 + 2. Suppose 2 = 2*g - j. What is the units digit of g/7 + (-68)/(-7)?
0
Suppose -4*k + 2*k = -14. Suppose 0*b = 4*b - z - k, -3 = z. What is the units digit of b?
1
Suppose 0*j + 2*q - 47 = -j, q = 4*j - 170. What is the units digit of j?
3
What is the units digit of 0 - 126/(-15) - 2/5?
8
Let s(d) = d**2 - 5*d - 2. Suppose 2*a - 34 = 4*c - 4, -5*c + 4*a = 42. Let n be (3/c)/(2/(-24)). What is the units digit of s(n)?
4
Suppose -4*v + 3*v = -3*m + 60, -20 = -m + 5*v. Let d = m - 15. What is the units digit of d?
5
Let y(t) = -t**3 - t**2 - t - 4. What is the tens digit of y(-3)?
1
Let u(o) = 5*o. Let q be u(1). Let m(b) = -b**2 + 7*b. What is the units digit of m(q)?
0
Let o(m) = -m**2 + 10*m + 9. Let t be o(11). What is the units digit of (52/10)/(t/(-5))?
3
Let o(v) be the first derivative of v**4/12 - 5*v**3/6 + 2*v**2 - v - 4. Let j(a) be the first derivative of o(a). What is the units digit of j(6)?
0
What is the tens digit of 122/(3 + 0 + (3 - 4))?
6
Let h(r) = 5*r**2 - 9*r + 4. What is the units digit of h(3)?
2
Suppose 0 = -z - 5. Let b = z - -3. What is the units digit of -1 - (-4 - -1) - b?
4
Suppose -37 = -2*p + 11. What is the units digit of p?
4
Let h = -30 + 268. What is the units digit of h?
8
Suppose 4*y - 5*l = 18, -16 = -4*y + 2*y - l. What is the units digit of y?
7
Let z = 15 + -5. Suppose -2*w - 4*h - 2 = -10, 2*h - z = -4*w. Let t = w + 8. What is the tens digit of t?
1
What is the units digit of 29 + (-2)/(-6)*3?
0
What is the hundreds digit of (-2589)/45*-3 - (-9)/(-15)?
1
Suppose 0 = 2*w - 40 + 50. Suppose -3*x = 5*f - 43, -2*x - 12 - 10 = -3*f. Let q = w + f. What is the units digit of q?
3
Let l be 0 + (1 - 6)*1. Suppose 3*n + 14 = 4*n. Let v = l + n. What is the units digit of v?
9
What is the hundreds digit of (-2680)/(-22) - (-28)/154?
1
Suppose 26 = 3*d - 2*d. What is the tens digit of d?
2
Suppose -u - 127 + 561 = 0. What is the hundreds digit of u?
4
Let l(n) = -n + 4. Suppose 4*d = -d. What is the units digit of l(d)?
4
Suppose 3*b + 2*u - 22 = 0, -4*u + 2*u + 10 = 0. Suppose 0 = -3*f + b*p + 35, f - 4*f = p - 25. What is the units digit of f?
9
Suppose 9*t + 132 = 10*t. What is the tens digit of t?
3
Let d = 9 + -5. Suppose 5*x - 4 = z, 3*x = d*x - 4. Let o = z + -9. What is the units digit of o?
7
Suppose -5*z = -4*y + 191, -3*y + 5*z = 2*z - 141. Suppose q + 0*q = -5*k + y, -3*k + 23 = 4*q. What is the units digit of k?
9
Let z = 19 + -34. Suppose -5*k - 100 = -k. Let c = z - k. What is the units digit of c?
0
Suppose 5*s - 7*s + 40 = 0. Suppose 2*o = -f + 82, -2*o - 3*f + 54 + s = 0. What is the units digit of o?
3
Let x be 4 + (-7)/((-28)/(-8)). Let r = x - -4. What is the units digit of r?
6
Let w = -8 + 13. Suppose -w*z + 129 = -36. What is the units digit of z?
3
Suppose 2*f + 30 = 130. What is the units digit of f?
0
Let z(c) = c**3 + 5*c**2 - 6*c + 8. Let v be z(-6). Let b = v + -4. What is the units digit of b?
4
Suppose -5*f = -4*y - 19, -6*f + 10*f = -5*y + 48. What is the units digit of f?
7
Let l = -26 - -28. Let d = 1 - -2. Suppose -l*o - 28 = -4*t + 36, -4*o - 38 = -d*t. What is the units digit of t?
8
Let i(p) = -p**2 + 9*p + 2. Let b be i(9). Suppose -2*u - 66 = -6*u + 2*m, -4*m = 5*u - 102. Suppose -8 = -b*h + u. What is the tens digit of h?
1
Let w = 67 - -1. What is the u